base 16, what is -7 - -d?
6
In base 10, what is 5 + 0?
5
In base 12, what is -1 + -777?
-778
In base 6, what is 2 + -221?
-215
In base 5, what is -1 - -100?
44
In base 13, what is -12 - -22?
10
In base 15, what is 16e - 2?
16c
In base 16, what is -2 - -6d?
6b
In base 5, what is -10 - -14?
4
In base 7, what is -126 - 1?
-130
In base 9, what is 654 - 7?
646
In base 10, what is 11 - -19?
30
In base 10, what is 25 + -12?
13
In base 5, what is -1213 + 1?
-1212
In base 14, what is 1 - 184?
-183
In base 6, what is 13 - 13?
0
In base 5, what is -140340 + -10?
-140400
In base 11, what is 18 + -154?
-137
In base 2, what is -101 - -1110000?
1101011
In base 2, what is 1101 - -1?
1110
In base 12, what is 30 + -7?
25
In base 4, what is 2033 - -203?
2302
In base 6, what is -30 - -140?
110
In base 7, what is 53 - 16?
34
In base 3, what is 12211 + 201?
20112
In base 7, what is 11 + 43?
54
In base 12, what is 1a - -4?
22
In base 3, what is 212 - -102221?
110210
In base 4, what is -2300 - 10?
-2310
In base 3, what is 2112 - -12?
2201
In base 10, what is -24 - -7?
-17
In base 5, what is -2 + 141101?
141044
In base 11, what is 116 - -4?
11a
In base 12, what is 0 - 8a?
-8a
In base 6, what is 4 - -102?
110
In base 11, what is -3 + -a9?
-101
In base 5, what is 10313 + -10?
10303
In base 6, what is 114 - -444?
1002
In base 16, what is 112c - -4?
1130
In base 8, what is -3 + 556?
553
In base 7, what is 30 - 10?
20
In base 6, what is 14 - 55?
-41
In base 3, what is 20210 - -21?
21001
In base 8, what is 47 - 10?
37
In base 8, what is 2230 - 12?
2216
In base 11, what is 6 - -2?
8
In base 6, what is 502 + 4?
510
In base 7, what is -134 - 5?
-142
In base 14, what is 5 - -c5?
ca
In base 16, what is -85 + 5?
-80
In base 8, what is -65 - 0?
-65
In base 12, what is 3a - 20?
1a
In base 15, what is 346c - -5?
3472
In base 13, what is -9 + 62?
56
In base 3, what is 1110111 - -201?
1111012
In base 4, what is -111 + 3030?
2313
In base 9, what is 3 + 134?
137
In base 2, what is -1011 - 10010000?
-10011011
In base 16, what is -6 + -421?
-427
In base 12, what is 182 - -6?
188
In base 12, what is 3608 + -1?
3607
In base 7, what is -36 - -332?
263
In base 7, what is -521 + 2?
-516
In base 11, what is -35a + -7?
-366
In base 6, what is 10 - -220?
230
In base 3, what is 1000 - 100?
200
In base 15, what is -2 + 0?
-2
In base 10, what is 0 + 1119?
1119
In base 11, what is 319 + -38?
291
In base 2, what is -1100 - 1000100100?
-1000110000
In base 14, what is -2 + 4?
2
In base 8, what is -15767 + -1?
-15770
In base 15, what is -776 - 2?
-778
In base 7, what is 2304 + 16?
2323
In base 11, what is 14 - -63?
77
In base 6, what is 13 + -14554?
-14541
In base 14, what is -51 + -4?
-55
In base 6, what is 3 - -2041?
2044
In base 10, what is 6 - 934?
-928
In base 9, what is -8 - -131?
122
In base 11, what is 502 + 4?
506
In base 12, what is 5 - 171?
-168
In base 16, what is -2 + -22?
-24
In base 8, what is -5 - 12220?
-12225
In base 8, what is -3746 - -2?
-3744
In base 13, what is 21 - 31?
-10
In base 15, what is 1 - 18?
-17
In base 11, what is -4 + -49?
-52
In base 16, what is -d - 2?
-f
In base 14, what is b + 67?
74
In base 11, what is -288 + -2?
-28a
In base 14, what is 3 - 2d1?
-2cc
In base 2, what is 1000 - 0?
1000
In base 15, what is 34a5 - 5?
34a0
In base 5, what is -12 + -214?
-231
In base 16, what is 33 + 2?
35
In base 10, what is -2 - 723?
-725
In base 5, what is -10022 + -10?
-10032
In base 16, what is -2 - -11?
f
In base 8, what is -4 - 12?
-16
In base 11, what is 0 - 2?
-2
In base 12, what is 983 - -5?
988
In base 16, what is 466 - -2?
468
In base 3, what is -20 - 1022?
-1112
In base 6, what is 3454 + 5?
3503
In base 4, what is 32 - -123?
221
In base 4, what is 20101 + -11?
20030
In base 10, what is -35 - -2?
-33
In base 7, what is -3 - 421?
-424
In base 3, what is 10110 + 0?
10110
In base 14, what is -21 - -4?
-1b
In base 11, what is 3 + -1663?
-1660
In base 11, what is 348 - 5?
343
In base 4, what is 120 + -10?
110
In base 13, what is -471 - -5?
-469
In base 14, what is -b + -17?
-24
In base 8, what is -1424 - 1?
-1425
In base 4, what is 10 + 30?
100
In base 11, what is -5 - -1?
-4
In base 8, what is -1 + -3455?
-3456
In base 3, what is 21012 + 11?
21100
In base 3, what is -1222 - -2?
-1220
In base 6, what is 224 + -101?
123
In base 10, what is -57 - -4?
-53
In base 7, what is -3 - 65?
-101
In base 4, what is -100 + -1032?
-1132
In base 13, what is -8 + -19?
-24
In base 14, what is 713 - 1?
712
In base 15, what is 55 - -b?
61
In base 5, what is -3 - -134?
131
In base 10, what is -2223 + -5?
-2228
In base 11, what is -5 - 109?
-113
In base 16, what is 5 - -10?
15
In base 7, what is -1042 - 1?
-1043
In base 13, what is -1718 + -3?
-171b
In base 8, what is 120 - 4?
114
In base 9, what is -235 + -6?
-242
In base 5, what is -2 + 114?
112
In base 8, what is -4 + 230?
224
In base 5, what is -10324 + -4?
-10333
In base 3, what is -21022222 - -1?
-21022221
In base 8, what is -10 + 3307?
3277
In base 14, what is -d - 77?
-86
In base 6, what is -1202 - 0?
-1202
In base 10, what is -4 + -205?
-209
In base 16, what is -a + -5?
-f
In base 8, what is -155142 - -1?
-155141
In base 13, what is -6 - -24?
1b
In base 7, what is 3 - 360?
-354
In base 15, what is 8 + 2c?
35
In base 11, what is 9 - -19?
27
In base 13, what is -108 - -3?
-105
In base 10, what is -970 - -5?
-965
In base 4, what is -20 - -312?
232
In base 11, what is 29 + -1?
28
In base 4, what is 1 - -3000?
3001
In base 9, what is -2683 + 5?
-2677
In base 7, what is 0 + 530?
530
In base 6, what is -31502 + 3?
-31455
In base 16, what is 548 - 5?
543
In base 5, what is 300 - -24?
324
In base 7, what is 232 + -210?
22
In base 13, what is -4 + 26?
22
In base 13, what is -c - -30?
21
In base 7, what is -1 + -1036?
-1040
In base 8, what is 5 + -1027?
-1022
In base 6, what is 0 - -30415?
30415
In base 2, what is 100 - -1111001011?
1111001111
In base 9, what is -2 - -6107?
6105
In base 15, what is -15 + 8d?
78
In base 2, what is 10111110 - 100?
10111010
In base 5, what is 141 - 10?
131
In base 6, what is -1055 - 45?
-1144
In base 2, what is 10 - 111010?
-111000
In base 9, what is 181 + 14?
205
In base 14, what is 566 - 1?
565
In base 9, what is 13214 + -5?
13208
In base 8, what is -42 + 3?
-37
In base 14, what is -5 + -205?
-20a
In base 3, what is -1 + 2010011?
2010010
In base 3, what is 211 + 21?
1002
In base 15, what is 3269 - -2?
326b
In base 11, what is 1 - -18?
19
In base 8, what is 114 - -27?
143
In base 15, what is 739 - b?
72d
In base 15, what is 3 + 10a?
10d
In base 2, what is -100011111 + 100?
-100011011
In base 14, what is -483 - 1?
-484
In base 13, what is 4 - -cb?
102
In base 3, what is 21 + -1112020?
-1111222
In base 16, what is 4 + 28?
2c
In base 5, what is 3003 - 0?
3003
In base 11, what is 0 + 597?
597
In base 6, what is -30 + -31?
-101
In base 2, what is 1111 + 111000?
1000111
In base 11, what is 145 - 1?
144
In base 4, what is -23 + 10?
-13
In base 3, what is -11020 - -11222?
202
In base 6, what is -13 - 15?
-32
In base 4, what is -222 + -13312?
-20200
In base 4, what is -1100 + 10?
-1030
In base 15, what is 0 + -c?
-c
In base 7, what is 3 - -5630?
5633
In base 8, what is -3 + -31?
-34
In base 8, what is 5 - 15?
-10
In base 12, what is -113b9 + 0?
-113b9
In base 3, what is 210 - 21?
112
In base 7, what is 5 + 6?
14
In base 4, what is 220 + -120?
100
In base 13, what is -2 - -4c6?
4c4
In base 10, what is 3 + -77?
-74
In base 14, what is -3 + -83?
-86
In base 7, what is -110 + -5?
-115
In base 3, what is 1 - 1?
0
In base 5, what is 22 + -12?
10
In base 8, what is -213 + 21?
-172
In base 5, what is 34 - 44?
-10
In base 9, what is 1 + 101?
102
In base 16, what is -5 + -34?
-39
In base 8, what is 141 - 106?
33
In base 16, what is -2 - 73?
-75
In base 15, what is 22 + -37?
-15
In base 7, what is -56 - -65?
6
In base 8, what is -5 + 1000?
773
In base 16, what is 4 - 25?
-21
In base 9, what is 15705 + -1?
15704
In base 15, what is 5 - 4a?
-45
In base 13, what is 38 - -5?
40
In base 16, what is 1e8 - -20?
208
In base 16, what is -e + 1b?
d
In base 16, what is -1073 - 3?
-1076
In base 6, what is 2110 + 4?
2114
In base 11, what is a - -4?
13
In base 14, what is 1 - 8?
-7
In base 8, what is 4 + 413?
417
In base 6, what is 451 + 2?
453
In ba